alse
Is 782721 a multiple of 7?
False
Does 127 divide 19280?
False
Is 12546612 a multiple of 1079?
True
Is 29 a factor of 15653386?
False
Does 18 divide 185940?
True
Is 7529847 a multiple of 50?
False
Is 16 a factor of 3681424?
True
Is 146805 a multiple of 89?
False
Does 14 divide 1641010?
True
Does 16 divide 922796?
False
Is 1958040 a multiple of 7?
True
Is 1239242 a multiple of 7?
False
Does 654 divide 32278824?
True
Is 728 a factor of 11529020?
False
Is 273464 a multiple of 68?
False
Does 63 divide 5774832?
True
Is 9 a factor of 10305?
True
Is 239695 a multiple of 313?
False
Is 47 a factor of 2449937?
False
Is 55 a factor of 363684?
False
Does 10 divide 3611360?
True
Does 25 divide 258443?
False
Is 6651 a multiple of 4?
False
Is 116 a factor of 2531351?
False
Is 617232 a multiple of 42?
True
Is 89 a factor of 5852106?
True
Is 164294 a multiple of 10?
False
Does 263 divide 1269845?
False
Is 51 a factor of 158508?
True
Is 76 a factor of 4673369?
False
Is 4268 a multiple of 11?
True
Does 4 divide 94141?
False
Does 10 divide 423982?
False
Is 143 a factor of 116545?
True
Does 67 divide 936459?
True
Does 17 divide 91226?
False
Does 4 divide 73908?
True
Is 4 a factor of 149784?
True
Is 546319 even?
False
Is 76 a factor of 2659012?
True
Is 411 a factor of 72336?
True
Is 242 a factor of 7337412?
False
Is 210 a factor of 385770?
True
Does 5 divide 112079?
False
Is 2 a factor of 6401?
False
Is 257325 a multiple of 47?
True
Does 11 divide 141823?
True
Does 346 divide 95243?
False
Does 24 divide 3071616?
True
Does 8 divide 101472?
True
Does 341 divide 183799?
True
Is 6 a factor of 159040?
False
Is 1012608 a multiple of 64?
True
Is 43 a factor of 458122?
True
Does 487 divide 576229?
False
Is 257 a factor of 124645?
True
Does 18 divide 1966176?
True
Is 16 a factor of 602443?
False
Does 580 divide 193244?
False
Is 24 a factor of 115824?
True
Is 406886 a multiple of 24?
False
Is 21 a factor of 1073520?
True
Does 26 divide 13497711?
False
Does 106 divide 4526942?
True
Does 224 divide 251552?
True
Is 83 a factor of 5824442?
True
Is 425 a factor of 56950?
True
Is 69777 a multiple of 3?
True
Does 100 divide 851615?
False
Does 15 divide 283184?
False
Is 871227 a multiple of 9?
True
Is 530207 a multiple of 11?
False
Is 1007240 a multiple of 167?
False
Does 501 divide 367233?
True
Does 2052 divide 27907549?
False
Is 485 a factor of 18245700?
True
Is 172350 a multiple of 9?
True
Does 680 divide 1940040?
True
Is 13 a factor of 4171583?
True
Is 520060 a multiple of 204?
False
Does 621 divide 19799964?
True
Is 4 a factor of 135322?
False
Does 2 divide 149068?
True
Is 32 a factor of 41715?
False
Is 10 a factor of 1952630?
True
Is 93450 a multiple of 25?
True
Is 14853 a multiple of 7?
False
Is 11 a factor of 69753?
False
Is 5 a factor of 373276?
False
Does 4 divide 222556?
True
Is 50331 a multiple of 3?
True
Does 1438 divide 4460491?
False
Does 26 divide 2852993?
False
Is 306490 a multiple of 108?
False
Is 34296241 a multiple of 1247?
True
Is 463 a factor of 1924228?
True
Is 31754 a multiple of 153?
False
Is 9 a factor of 16404?
False
Is 1979395 a multiple of 493?
True
Is 476 a factor of 576258?
False
Does 9 divide 1632735?
True
Does 357 divide 14072226?
True
Is 51 a factor of 1179987?
True
Is 83562 a multiple of 4?
False
Is 9945093 a multiple of 149?
False
Is 7 a factor of 3386446?
True
Is 8781279 a multiple of 76?
False
Is 8 a factor of 370492?
False
Does 22 divide 2109478?
False
Is 2233277 a multiple of 23?
True
Is 9 a factor of 36887?
False
Is 30 a factor of 5042286?
False
Is 16341880 a multiple of 47?
False
Does 86 divide 42590?
False
Is 16398122 a multiple of 169?
False
Does 6 divide 1856136?
True
Is 115265 a multiple of 58?
False
Does 4 divide 383991?
False
Is 2735164 a multiple of 46?
False
Is 444 a factor of 878232?
True
Is 1641701 a multiple of 107?
True
Is 1351800 a multiple of 36?
True
Is 1034001 a multiple of 11?
False
Does 49 divide 53218?
False
Is 832 a factor of 232960?
True
Is 3796808 a multiple of 1357?
False
Is 254 a factor of 363982?
True
Is 49050 a multiple of 109?
True
Is 37856 a multiple of 32?
True
Does 29 divide 6090?
True
Does 7 divide 2031739?
False
Is 68562 a multiple of 17?
False
Is 1072891 a multiple of 20?
False
Does 199 divide 948633?
True
Does 5 divide 155070?
True
Is 1489 a factor of 8239340?
False
Is 94605 a multiple of 105?
True
Does 20 divide 226262?
False
Does 661 divide 494428?
True
Is 7598091 a multiple of 361?
False
Is 15 a factor of 685580?
False
Does 594 divide 547074?
True
Is 25 a factor of 159650?
True
Is 11 a factor of 1597?
False
Is 140613 even?
False
Does 2 divide 53877?
False
Is 378 a factor of 594849?
False
Is 70761 a multiple of 12?
False
Does 4 divide 1102212?
True
Is 54432 a multiple of 189?
True
Is 1075787 a multiple of 744?
False
Does 12 divide 65939?
False
Is 6351320 a multiple of 244?
True
Is 918436 a multiple of 23?
True
Is 188275 a multiple of 5?
True
Is 127 a factor of 11872468?
True
Is 10 a factor of 7940?
True
Does 16 divide 21254?
False
Is 5097365 a multiple of 107?
False
Is 307 a factor of 108595?
False
Is 515 a factor of 4507795?
True
Is 195910 a multiple of 34?
False
Is 8305 a multiple of 5?
True
Is 269134 a multiple of 106?
True
Is 303 a factor of 2302230?
False
Is 859350 a multiple of 17?
True
Does 109 divide 196309?
True
Does 9 divide 86134?
False
Is 2663267 a multiple of 28?
False
Is 20785124 a multiple of 2458?
False
Does 24 divide 37638?
False
Is 759200 a multiple of 8?
True
Does 54 divide 440370?
True
Is 1288 a multiple of 8?
True
Is 583379 a multiple of 1227?
False
Is 577872 a multiple of 24?
True
Does 14 divide 379793?
False
Is 11496403 a multiple of 185?
False
Does 12 divide 797804?
False
Does 90 divide 31329?
False
Is 17 a factor of 705789?
True
Does 24 divide 59952?
True
Is 197248 a multiple of 22?
False
Is 784 a factor of 5697328?
True
Is 107 a factor of 1265382?
True
Is 14 a factor of 374010?
True
Is 6842269 a multiple of 8?
False
Does 19 divide 1352028?
False
Does 340 divide 3547560?
True
Does 73 divide 49056?
True
Is 1464480 a multiple of 240?
True
Is 112 a factor of 150192?
True
Is 296 a factor of 115181?
False
Does 34 divide 2001002?
True
Does 130 divide 231270?
True
Is 3461849 a multiple of 339?
False
Is 27525 a multiple of 25?
True
Is 181 a factor of 24409540?
False
Is 901600 a multiple of 14?
True
Does 10 divide 32780?
True
Does 88 divide 5056668?
False
Is 15341208 a multiple of 408?
True
Is 73 a factor of 243236?
True
Is 122 a factor of 1850740?
True
Does 20 divide 706915?
False
Does 3 divide 79023?
True
Is 116545 a multiple of 122?
False
Does 29 divide 627841?
False
Is 150 a factor of 66150?
True
Does 3 divide 2403817?
False
Is 14651 a multiple of 2?
False
Is 9703269 a multiple of 727?
True
Is 33296109 a multiple of 66?
False
Does 30 divide 1135603?
False
Does 303 divide 238764?
True
Is 2 a factor of 37607?
False
Does 454 divide 364261?
False
Is 10 a factor of 6870443?
False
Is 12 a factor of 86808?
True
Is 593 a factor of 2154829?
False
Is 181944 a multiple of 126?
True
Is 265 a factor of 80222?
False
Is 2501869 a multiple of 83?
True
Does 36 divide 5923277?
False
Is 2618747 a multiple of 1239?
False
Is 151032 a multiple of 217?
True
Does 7 divide 1410770?
False
Does 8 divide 88360?
True
Does 1541 divide 14744288?
True
Does 50 divide 81700?
True
Does 30 divide 147120?
True
Is 11 a factor of 2386142?
True
Is 6 a factor of 2157?
False
Does 13 divide 464880?
True
Does 37 divide 2507268?
True
Does 28 divide 1849729?
False
Is 120 a factor of 221248?
False
Does 50 divide 1731400?
True
Is 48 a factor of 1133?
False
Is 97020 a multiple of 132?
True
Is 16203 even?
False
Is 37824 a multiple of 5?
False
Is 10322730 a multiple of 33?
True
Is 512370 a multiple of 90?
True
Does 116 divide 369924?
True
Is 26 a factor of 1014416?
True
Is 26814 a multiple of 82?
True
Does 151 divide 1047041?
False
Is 327303 a multiple of 244?
False
Is 52 a factor of 3936107?
False
Is 43 a factor of 71681?
True
Does 6 divide 5355024?
True
Does 528 divide 264490?
False
Does 13 divide 6506725?
False
Is 874517 a multiple of 271?
True
Does 16 divide 1045536?
True
Is 1767792 a multiple of 208?
True
Is 49 a factor of 172216?
False
Is 16435080 a multiple of 45?
True
Is 621751 a multiple of 2?
False
Is 81996 a multiple